
False
Let n(p) = -p**3 + 15*p**2 + 18*p - 7. Let w be n(16). Let o(f) = -20*f**2 - f**3 + 5*f**2 + w*f + 24 - 2*f**2. Is o(-19) prime?
True
Let l(n) = -10*n**3 - 4*n**2 + 31*n - 4. Let q(g) = -19*g + 145. Let j be q(8). Is l(j) a composite number?
True
Let o = -593020 - -900654. Is o a composite number?
True
Let k = 20 - 17. Suppose -k*s + 0*s + 29343 = 0. Is s a composite number?
False
Let z(l) = l - 37 - l**3 + 10*l**2 + 0*l + 76 - 47. Let q be z(10). Is 138 - (q - 6/(-3)) a composite number?
True
Suppose -269776 = -4*h + h - 13*h. Is h prime?
False
Let s = 353556 - 173191. Is s composite?
True
Let b(k) = -475 + 147*k - 36*k + 467. Suppose -6 = -g + 5. Is b(g) a prime number?
True
Suppose 0 = 5*j + l - 628530, 628540 = 5*j - 130*l + 129*l. Is j prime?
True
Suppose 0 = 5*l - 2*g - 22755, g = -16*l + 12*l + 18217. Is l a prime number?
False
Suppose 42*u - 6671411 = -18*u + 23961649. Is u composite?
False
Let g(m) be the first derivative of -m**5/20 - m**4/6 - 5*m**3/6 - 21*m**2/2 - 36*m - 20. Let r(c) be the first derivative of g(c). Is r(-7) a prime number?
False
Suppose 8*z + 183213 = -73539. Let d = -17701 - z. Is d a prime number?
False
Let t(y) = 4*y + 36. Let u be t(9). Let w = 60 - u. Is (-35848)/w + (-12)/9 prime?
False
Let u(w) = -3*w**2 + 5*w - 5. Let o(l) = -l**3 - 5*l**2 + 5*l + 1. Let m be o(-6). Let h be u(m). Let j = 202 + h. Is j a prime number?
False
Let w = -75 - -81. Let s(m) = 17*m**3 + 9*m**2 - 13*m + 19. Is s(w) prime?
False
Suppose 29*i + 54865 = 30*i. Is i prime?
False
Suppose -21 = -6*p + 3. Suppose -2*h - p*f = f - 1438, 5*h - 3595 = -3*f. Is h prime?
True
Suppose -250*u + 24547257 = 29*u. Is u prime?
False
Suppose 0*w = -4*w + 136. Suppose -24 = 28*h - w*h. Suppose -h*z = -7*z + 2721. Is z prime?
True
Suppose -g - w + 174705 = 0, 5*w - 186306 + 710405 = 3*g. Is g composite?
False
Let s = -46 - 1. Let b = 47 + s. Suppose b = 5*r + 10, -204 - 717 = -w + 4*r. Is w composite?
True
Suppose -3*y + 36424 = -5*v, 0 = -y - 52*v + 48*v + 12147. Is y prime?
True
Let y = -20522 + 10751. Let u = y - -29052. Is u prime?
False
Let r(f) be the second derivative of f**5/20 + 43*f**4/12 + 31*f**3/6 - f**2 + f - 22. Is r(-39) a composite number?
True
Suppose 0 = -0*j + 5*j + 3*t - 10, 4*j = 5*t - 29. Suppose 23 = 16*q + 7. Is (q - 3454/(-2)) + j prime?
False
Suppose 4*j + l + 44 = -45, -4*l + 43 = -3*j. Is (-59462)/91*j/6 a composite number?
False
Suppose 5*l - 196 = -2*t + 87, l - 54 = -3*t. Is 51718/l*(-3)/(-2) prime?
True
Let a(k) = -71*k**3 + 2*k**2 + 5*k + 3. Suppose 0 = -s + 32 - 33. Is a(s) a composite number?
False
Suppose -3*y + 328945 = 2*b, 4*y - 438612 = 72*b - 70*b. Is y composite?
True
Let t(o) = 5*o + 153. Let a be t(-28). Suppose 862 = a*r - 3649. Is r a composite number?
False
Let a = 696452 + -383041. Is a composite?
True
Let m(r) = 39*r + 48907. Is m(0) prime?
True
Is (-3 - 8/(-1))*914389/245 prime?
True
Let m(j) be the first derivative of 483*j**2/2 + 24*j + 31. Is m(3) composite?
True
Suppose 4*x - 33 = -17. Suppose 719 = x*q - 14393. Is q prime?
False
Let i = 10559 - 6929. Let s be 1/1 - (-5 + 2137). Let u = s + i. Is u composite?
False
Let l = 574528 + -327639. Is l composite?
False
Let d(g) = -34*g**2 - 4*g - 1. Suppose -6*z + t - 6 = -7*z, -2*z = -2*t + 4. Let l be d(z). Let f = l + 332. Is f a composite number?
True
Let x be 0 + 3 + -3 + (2 - -4). Let z = -1 + x. Suppose -3*m - 518 = -5*l, -3*m = z*l - 210 - 302. Is l a prime number?
True
Let t = 3595 - 3609. Let q(c) = 46 - 69*c - 28*c - 14 + 9. Is q(t) composite?
False
Let w(g) = 29*g**2 - g - g + 3 - 9*g**2 - g**3. Let k be (4/(-8))/(5/(-140)). Is w(k) composite?
False
Suppose -2979*j = -2959*j - 5284220. Is j a prime number?
True
Let c = 529738 - 233993. Is c composite?
True
Let j = 217897 - 115196. Is j a prime number?
True
Let l(r) = 39*r**3 + 9*r**2 + 11*r - 120. Is l(11) a prime number?
True
Let x(z) = 8*z**2 + 4*z - 5. Suppose -s - 16 = s. Let d be x(s). Let a = -284 + d. Is a a composite number?
False
Let k = -8571 + 22264. Let t = k - 5796. Is t prime?
False
Let a(v) = -127*v**3 - 6*v**2 - 8*v + 53. Let o(r) = -2*r**3 - r**2 - r. Let y(d) = -a(d) - o(d). Is y(4) prime?
False
Is (17 + -5823)/(4/(-10)) composite?
True
Let v(q) = -q**2 - 6*q + 6. Let n be v(-3). Is (-5)/n*(4 + -5167) prime?
True
Suppose 5*s - 2*n - 22282 = -6728, 3*n + 15556 = 5*s. Suppose 2*x + 0*i - s = 4*i, 3*i = -x + 1560. Suppose 0 = -d - 2*d + x. Is d a composite number?
True
Let a = -5801 - -44344. Is a a composite number?
False
Let h(i) = -540*i**3 + 45*i**2 - 61*i + 13. Is h(-9) prime?
True
Suppose f + 7 = -3*a, 3*f + a = -f - 28. Is 4391 - (-5 - (2 + f)) a composite number?
False
Suppose 185858 = -71*u + 629537. Is u composite?
True
Let g = -29 + 30. Suppose g = 7*r - 13. Suppose 2*z = -x + 6*z + 98, 2*x = -r*z + 216. Is x prime?
False
Let x be (21 - 111)/(-1 - 9/(-10)). Suppose 2*o - x = -64. Let i = -9 + o. Is i composite?
False
Let l(x) = 6*x**2 - 6*x - 63. Let k be l(10). Suppose 2*b - k = -5*u, -3*b + 226 = -2*u - 537. Is b composite?
False
Is 4/20 - 1/((-5)/192084) a prime number?
False
Let m(a) = 93*a - 911. Is m(13) prime?
False
Suppose 5*p = -34*q + 37*q + 22479, 0 = -2*p + q + 8992. Is p a prime number?
False
Let a = -22 + 27. Let g(p) = -721*p - 37 + 18 + a. Is g(-3) prime?
False
Let q = 78644 + -47337. Is q composite?
False
Let u(i) = 13906*i - 413. Is u(6) a composite number?
False
Let q = -340200 - -572195. Is q prime?
False
Let n(y) = 54*y**2 - 105*y - 1934. Is n(77) a composite number?
True
Let f(o) = -91*o + 4623. Is f(-14) composite?
False
Suppose 2*y + 4*x - 304 = 0, -41*y + 39*y + 272 = -4*x. Suppose 5*r = -65 + 630. Suppose 0 = -s + r + y. Is s a composite number?
False
Let n(m) = 107*m**2 - 7*m + 15 - 45 + 41. Suppose -5*w = -0*w - 15. Is n(w) a prime number?
True
Suppose -30*t - 31008 = -11*t. Let s = t - -8791. Is s composite?
False
Let w be -2 - (-4 + 4 - 4). Let j(c) = -c**3 - 9*c**2 - c - 4. Let a be j(-9). Suppose -3*u - 3*i + 2778 = 0, 3659 = w*u + 2*u - a*i. Is u a composite number?
True
Let p(x) = 8*x**3 - x**2. Let k be p(1). Suppose 42*t - 112 = 38*t. Is 5928/t + -3 - (-2)/k composite?
True
Let m(i) = 5 - 67*i**2 - 21*i + 8*i + 16*i. Let v be m(-2). Let d = -112 - v. Is d prime?
True
Let j = 116370 - 77377. Is j a prime number?
True
Let m(r) = 19*r**3 - 46*r - 17*r**3 + 33*r**2 + 5 - 3*r**3. Is m(27) composite?
False
Suppose 317 = 2*j + v, -5*j - 441 + 1235 = 2*v. Suppose 8 = -3*b - a + 478, -b + j = a. Is b a prime number?
False
Suppose -5*g - 3*r + 185289 = -134941, 2*g - 4*r - 128118 = 0. Is g a prime number?
False
Suppose 5*m = -5*j + 688 + 292, 0 = 5*j - 5. Let o = 98 - m. Let q = 396 - o. Is q composite?
True
Suppose 0 = 3065*b - 3109*b + 13209548. Is b a prime number?
False
Is 238/35*(-4)/((-88)/603515) a prime number?
False
Suppose 435 - 96 = 3*a. Suppose 5*r + 30 = -n, -a + 29 = 5*n + 3*r. Is ((-6)/4)/(n/18350) composite?
True
Let o(v) = 295*v**2 + 9*v - 9. Let s be -4 - (-102)/27 - (-94)/18. Is o(s) prime?
True
Is 735197 + (3/((-9)/(-21)) - 1 - 10) prime?
True
Let h = -207 - -228. Is (5 - 68085/(-25)) + h/35 prime?
True
Let h be 89 + 5/(0 + -5). Let u = -84 + h. Suppose 4*r + 0*p - p - 152 = 0, -u*r = -2*p - 156. Is r prime?
True
Let m(g) = -g**3 + 17*g**2 - 5*g - 32. Let v(k) = 2*k**3 - 34*k**2 + 9*k + 64. Let l(n) = 7*m(n) + 4*v(n). Let a be l(16). Is (5 - a)*2/2 prime?
False
Suppose 0 = -8*n + 4*n - 864. Let x = n - -439. Is x composite?
False
Suppose 8*g - 6*g + 3284 = 0. Let u be 3/(-7 + 1)*g. Suppose x + u = 2*n, 2*n = -2*n - 2*x + 1630. Is n a composite number?
False
Let p(n) = 106056*n - 1249. Is p(6) a composite number?
False
Let m(q) = -13*q - 174. Let x be m(-16). Suppose x*l = 31*l + 19797. Is l composite?
False
Suppose 4*b = -0*z + 5*z - 33435, -5*b = z - 6716. Let v be z + (-24)/14 + (-8)/28. Suppose -5*r - 2*o = -o - v, r - 2*o - 1329 = 0. Is r prime?
False
Suppose 15*o + 204 = -2*o. Let u(w) be the third derivative of w**5/30 - 7*w**4/24 - 25*w**3/6 - 2*w**2. Is u(o) composite?
False
Suppose -5*j = -5*v - 5965210, -j = -4*v - 262986 - 930059. Is j a composite number?
False
Suppose 2*k = -4*b - 15250, 1339 = 5*b - 2*k + 20415. Let x = b - -12475. Is x a prime number?
False
Let m = -73 - -106. Suppose -5*z = j + 3